{"id":177,"date":"2023-05-20T19:30:12","date_gmt":"2023-05-20T19:30:12","guid":{"rendered":"https:\/\/bankhub.vn\/?page_id=177"},"modified":"2023-05-20T19:30:12","modified_gmt":"2023-05-20T19:30:12","slug":"doi-tac-ung-dung","status":"publish","type":"page","link":"https:\/\/cas.so\/cas-id\/doi-tac-ung-dung\/","title":{"rendered":"\u0110\u1ed1i t\u00e1c \u1ee9ng d\u1ee5ng"},"content":{"rendered":"<header class=\"header text-center\"  >\n\t\n\t\n\t\n\t<div class=\"container\">\n\t\t\n\t\t<h1 class=\"display-4 mb-6 fw-500\">L\u01b0u tr\u1eef<\/h1>\n\t<\/div>\n<\/header>\n\n\n<h2 class=\"wp-block-heading\">Danh s\u00e1ch nh\u00e0 ph\u00e1t tri\u1ec3n ti\u00eau bi\u1ec3u<\/h2>\n\n\n\n<p>C\u1eadp nh\u1eadt : 2024-03-27 13:00:00 GMT+7<\/p>\n\n\n\n<figure class=\"wp-block-table\"><table><thead><tr><th>No<\/th><th>T\u00ean \u1ee9ng d\u1ee5ng<\/th><th>Website<\/th><th>C\u00f4ng ty ch\u1ee7 qu\u1ea3n<\/th><th>Danh m\u1ee5c<\/th><\/tr><\/thead><tbody><tr><td>1<\/td><td><strong> Casso Hub<\/strong><\/td><td><a href=\"https:\/\/casso.vn\" target=\"_blank\" rel=\"noreferrer noopener\">https:\/\/casso.vn<\/a><\/td><td>C\u00d4NG TY TNHH CASSO<br>MST : 0316794479<\/td><td>T\u1ef1 \u0111\u1ed9ng h\u00f3a quy tr\u00ecnh<\/td><\/tr><tr><td>2<\/td><td><strong>payOS<\/strong><\/td><td><a href=\"https:\/\/payos.vn\/\">https:\/\/payos.vn\/<\/a><\/td><td>C\u00d4NG TY TNHH CASSO<br>MST : 0316794479<\/td><td>Gi\u1ea3i ph\u00e1p thanh to\u00e1n<\/td><\/tr><tr><td>3<\/td><td><strong>Houze Building<\/strong><\/td><td><a href=\"https:\/\/houzebuilding.com\/\" target=\"_blank\" rel=\"noreferrer noopener\">https:\/\/houzebuilding.com\/<\/a><\/td><td>C\u00d4NG TY C\u1ed4 PH\u1ea6N HOUZE COMMERCE<br>MST: 0316186061<\/td><td>Qu\u1ea3n l\u00fd chung c\u01b0<\/td><\/tr><tr><td>4<\/td><td><strong>Pi Home<\/strong><\/td><td><a href=\"https:\/\/pihome.asia\/\" target=\"_blank\" rel=\"noreferrer noopener\">https:\/\/pihome.asia\/<\/a><\/td><td>C\u00d4NG TY C\u1ed4 PH\u1ea6N C\u00d4NG NGH\u1ec6 PIHOME<br>MST: 0315917583<\/td><td>Qu\u1ea3n l\u00fd chung c\u01b0<\/td><\/tr><tr><td>5<\/td><td><strong>AOne<\/strong><\/td><td><a href=\"https:\/\/aonetek.vn\/\" target=\"_blank\" rel=\"noreferrer noopener\">https:\/\/aonetek.vn\/<\/a><\/td><td>C\u00d4NG TY C\u1ed4 PH\u1ea6N C\u00d4NG NGH\u1ec6 AONE<br>MST: 0316336599<\/td><td>K\u1ebf to\u00e1n<\/td><\/tr><tr><td>6<\/td><td><strong>Anvest<\/strong><\/td><td><a href=\"https:\/\/anvest.vn\/\" target=\"_blank\" rel=\"noreferrer noopener\">https:\/\/anvest.vn\/<\/a><\/td><td>C\u00d4NG TY C\u1ed4 PH\u1ea6N \u0110\u1ea6U T\u01af ANVEST<br>MST: 0317189160<\/td><td>T\u00e0i ch\u00ednh c\u00e1 nh\u00e2n<\/td><\/tr><tr><td>7<\/td><td><strong>Odoo<\/strong><\/td><td><a href=\"https:\/\/odoo.com\/\">https:\/\/odoo.com\/<\/a><\/td><td>ODOO SA<br>\u0110\u1ecba ch\u1ec9: Grand-rosi\u00e8re, Brabant Wallon, Belgium<\/td><td>ERP<\/td><\/tr><tr><td>8<\/td><td><strong>DotB<\/strong><\/td><td><a href=\"https:\/\/dotb.vn\/\" target=\"_blank\" rel=\"noreferrer noopener\">https:\/\/dotb.vn\/<\/a><\/td><td>C\u00d4NG TY TNHH PH\u1ea6N M\u1ec0M DOTB<br>MST: 0315359346<\/td><td>Qu\u1ea3n l\u00fd tr\u01b0\u1eddng h\u1ecdc<\/td><\/tr><tr><td>9<\/td><td><strong>ORIS Solutions<\/strong><\/td><td><a href=\"https:\/\/oris.solutions\/\">https:\/\/oris.solutions\/<\/a><\/td><td>C\u00d4NG TY TNHH GI\u1ea2I PH\u00c1P ORIS<br>MST: 0317815509<\/td><td>ERP<\/td><\/tr><tr><td>10<\/td><td><strong>Viindoo<\/strong><\/td><td><a href=\"https:\/\/viindoo.com\">https:\/\/viindoo.com<\/a><\/td><td>C\u00d4NG TY C\u1ed4 PH\u1ea6N C\u00d4NG NGH\u1ec6 VIINDOO<br>MST: 0201994665<\/td><td>ERP<\/td><\/tr><\/tbody><tfoot><tr><td>T\u1ed5ng c\u1ed9ng<\/td><td>10<\/td><td><\/td><td><\/td><td><\/td><\/tr><\/tfoot><\/table><\/figure>\n\n\n\n<p><\/p>\n\n\n\n<p><\/p>\n\n\n\n<p><\/p>\n\n\n\n<p><\/p>\n","protected":false},"excerpt":{"rendered":"<p>Danh s\u00e1ch nh\u00e0 ph\u00e1t tri\u1ec3n ti\u00eau bi\u1ec3u<\/p>\n","protected":false},"author":1,"featured_media":560,"parent":0,"menu_order":0,"comment_status":"closed","ping_status":"closed","template":"","meta":{"inline_featured_image":false,"footnotes":""},"class_list":["post-177","page","type-page","status-publish","has-post-thumbnail","hentry"],"_links":{"self":[{"href":"https:\/\/cas.so\/cas-id\/wp-json\/wp\/v2\/pages\/177","targetHints":{"allow":["GET"]}}],"collection":[{"href":"https:\/\/cas.so\/cas-id\/wp-json\/wp\/v2\/pages"}],"about":[{"href":"https:\/\/cas.so\/cas-id\/wp-json\/wp\/v2\/types\/page"}],"author":[{"embeddable":true,"href":"https:\/\/cas.so\/cas-id\/wp-json\/wp\/v2\/users\/1"}],"replies":[{"embeddable":true,"href":"https:\/\/cas.so\/cas-id\/wp-json\/wp\/v2\/comments?post=177"}],"version-history":[{"count":0,"href":"https:\/\/cas.so\/cas-id\/wp-json\/wp\/v2\/pages\/177\/revisions"}],"wp:featuredmedia":[{"embeddable":true,"href":"https:\/\/cas.so\/cas-id\/wp-json\/"}],"wp:attachment":[{"href":"https:\/\/cas.so\/cas-id\/wp-json\/wp\/v2\/media?parent=177"}],"curies":[{"name":"wp","href":"https:\/\/api.w.org\/{rel}","templated":true}]}}