{"id":183,"date":"2023-05-20T19:31:56","date_gmt":"2023-05-20T19:31:56","guid":{"rendered":"https:\/\/bankhub.vn\/?page_id=183"},"modified":"2023-05-20T19:31:56","modified_gmt":"2023-05-20T19:31:56","slug":"giai-phap-ngan-hang-mo","status":"publish","type":"page","link":"https:\/\/cas.so\/cas-id\/giai-phap-ngan-hang-mo\/","title":{"rendered":"C\u00e1ch c\u1ee7a Cas"},"content":{"rendered":"<header class=\"header pb-0\"  >\n\t\n\t\n\t\n\t<div class=\"container\">\n\t\t\n\t\t<div class=\"row align-items-center h-100\">\n  <div class=\"col-lg-6\">\n    <h1>C\u00e1ch c\u1ee7a Cas<\/h1>\n    <p class=\"lead mt-5 mb-8\">Nh\u1eefng n\u0103m g\u1ea7n \u0111\u00e2y, <em><strong>Ng\u00e2n h\u00e0ng m\u1edf<\/strong><\/em> \u0111\u00e3 tr\u1edf n\u00ean ph\u1ed5 bi\u1ebfn v\u00e0 \u0111\u01b0\u1ee3c \u1ee9ng d\u1ee5ng r\u1ed9ng r\u00e3i kh\u1eafp th\u1ebf gi\u1edbi.<br>\u1ede Vi\u1ec7t Nam, xu th\u1ebf n\u00e0y b\u1eaft \u0111\u1ea7u t\u1eeb kho\u1ea3ng 2015. Tuy nhi\u00ean cho t\u1edbi nay, sau g\u1ea7n 10 n\u0103m, \u1ee9ng d\u1ee5ng ng\u00e2n h\u00e0ng m\u1edf v\u1eabn r\u1ea5t h\u1ea1n ch\u1ebf.<\/p>\n    <p class=\"gap-xy\">\n      <a class=\"btn btn-primary btn-md btn-round hide\" href=\"#\" > Xem chi ti\u1ebft <\/a>\n      <a class=\"btn btn-outline-primary btn-md btn-round hide\" href=\"#\" > B\u1ece qua <\/a>\n    <\/p>\n  <\/div>\n\n  <div class=\"col-lg-5 ml-auto d-none d-lg-block\">\n    <img decoding=\"async\" class=\"hide\" src=\"https:\/\/cas.so\/cas-id\/wp-content\/uploads\/sites\/12\/2023\/05\/bankhub-way-demo.png\" alt=\"Alternative Text\" \/>\n  <\/div>\n<\/div>\n\t<\/div>\n<\/header>\n\n\n<p><\/p>\n\n\n\n<div class=\"wp-block-columns is-layout-flex wp-container-core-columns-is-layout-9d6595d7 wp-block-columns-is-layout-flex\">\n<div class=\"wp-block-column is-layout-flow wp-block-column-is-layout-flow\" style=\"flex-basis:20%\">\n<h2 class=\"wp-block-heading\">Th\u00e1ch th\u1ee9c<\/h2>\n<\/div>\n\n\n\n<div class=\"wp-block-column is-layout-flow wp-block-column-is-layout-flow\" style=\"flex-basis:66.66%\">\n<p class=\"has-secondary-background-color has-background\">\u1ede Vi\u1ec7t Nam, c\u00f3 <strong>h\u01a1n 50 ng\u00e2n h\u00e0ng<\/strong>, <strong>1000 t\u1ed5 ch\u1ee9c t\u00e0i ch\u00ednh<\/strong> &amp; li\u00ean quan<em> (<em>t\u1ed5 ch\u1ee9c t\u00edn d\u1ee5ng,<\/em><\/em> <em>c\u1ed5ng thanh to\u00e1n, v\u00ed \u0111i\u1ec7n t\u1eed, <em>ch\u1ee9ng kho\u00e1n, b\u1ea3o hi\u1ec3m x\u00e3 h\u1ed9i,<\/em> thu\u1ebf &#8230;)<\/em>. M\u1ed7i t\u1ed5 ch\u1ee9c t\u00e0i ch\u00ednh c\u00f3 m\u1ed9t <strong>m\u1ee9c \u0111\u1ed9 &#8220;m\u1edf&#8221; d\u1eef li\u1ec7u<\/strong> kh\u00e1c nhau, <strong>c\u1ea5u tr\u00fac d\u1eef li\u1ec7u<\/strong> kh\u00e1c nhau v\u00e0 <strong>qu\u1ea3n l\u00fd <\/strong>theo nh\u1eefng c\u00e1ch kh\u00e1c nhau.<\/p>\n\n\n\n<p>Nh\u00e0 ph\u00e1t tri\u1ec3n \u1ee9ng d\u1ee5ng mu\u1ed1n cho ph\u00e9p ng\u01b0\u1eddi d\u00f9ng cu\u1ed1i k\u1ebft n\u1ed1i t\u00e0i kho\u1ea3n t\u1eeb <strong>m\u1ed9t t\u1ed5 ch\u1ee9c t\u00e0i ch\u00ednh<\/strong> b\u1ea5t k\u00ec n\u00e0o \u0111\u00f3 c\u0169ng s\u1ebd m\u1ea5t r\u1ea5t nhi\u1ec1u th\u1eddi gian cho vi\u1ec7c <strong>th\u1ecfa thu\u1eadn, k\u00ed k\u1ebft<\/strong>, v\u00e0 \u0111\u1eb7c bi\u1ec7t l\u00e0 th\u1eddi gian <strong>thi\u1ebft k\u1ebf, l\u1eadp tr\u00ecnh, tri\u1ec3n khai<\/strong>, c\u00f3 khi h\u00e0ng n\u0103m tr\u1eddi. T\u01b0\u1edfng t\u01b0\u1ee3ng ph\u1ea3i l\u00e0m h\u00e0ng ngh\u00ecn l\u1ea7n nh\u01b0 v\u1eady, \u0111\u1ed1i v\u1edbi nhi\u1ec1u nh\u00e0 ph\u00e1t tri\u1ec3n, \u0111i\u1ec1u n\u00e0y kh\u00f4ng kh\u1ea3 thi.<br>V\u1edbi m\u1ed7i l\u1ea7n c\u1ea5p quy\u1ec1n truy c\u1eadp d\u1eef li\u1ec7u t\u1eeb m\u1ed9t t\u1ed5 ch\u1ee9c t\u00e0i ch\u00ednh cho m\u1ed9t \u1ee9ng d\u1ee5ng, ng\u01b0\u1eddi d\u00f9ng l\u1ea1i c\u1ea7n m\u1ed9t giao di\u1ec7n \u0111\u1ec3 <strong>qu\u1ea3n l\u00fd, theo d\u00f5i, thu h\u1ed3i vi\u1ec7c c\u1ea5p quy\u1ec1n<\/strong>. Ng\u00e0y qua ng\u00e0y, khi ng\u01b0\u1eddi d\u00f9ng s\u1eed d\u1ee5ng th\u00eam nhi\u1ec1u ng\u00e2n h\u00e0ng v\u00e0 nhi\u1ec1u \u1ee9ng d\u1ee5ng t\u00e0i ch\u00ednh m\u1edf, h\u1ecd s\u1ebd b\u1ecb r\u1ed1i r\u1eafm khi \u0111\u1eafm ch\u00ecm trong r\u1ea5t nhi\u1ec1u web, app qu\u1ea3n l\u00fd kh\u00e1c nhau, v\u1edbi c\u00e1ch s\u1eed d\u1ee5ng kh\u00e1c nhau.<\/p>\n<\/div>\n<\/div>\n\n\n\n<div class=\"wp-block-columns is-layout-flex wp-container-core-columns-is-layout-9d6595d7 wp-block-columns-is-layout-flex\">\n<div class=\"wp-block-column is-layout-flow wp-block-column-is-layout-flow\" style=\"flex-basis:20%\">\n<h2 class=\"wp-block-heading\">Gi\u1ea3i ph\u00e1p <\/h2>\n<\/div>\n\n\n\n<div class=\"wp-block-column is-layout-flow wp-block-column-is-layout-flow\" style=\"flex-basis:66.66%\">\n<p class=\"has-secondary-background-color has-background\">Ch\u00fang t\u00f4i ph\u00e1t tri\u1ec3n \u1ee9ng d\u1ee5ng di \u0111\u1ed9ng <strong>Cas ID<\/strong> gi\u00fap ng\u01b0\u1eddi d\u00f9ng <strong>qu\u1ea3n l\u00fd t\u1eadp trung<\/strong> c\u00e1c t\u00e0i kho\u1ea3n t\u00e0i ch\u00ednh c\u1ee7a h\u1ecd t\u1eeb h\u01a1n 1000 t\u1ed5 ch\u1ee9c t\u00e0i ch\u00ednh v\u00e0 <strong>ph\u00e2n quy\u1ec1n truy c\u1eadp<\/strong> c\u00e1c t\u00e0i kho\u1ea3n n\u00e0y theo m\u1ed9t ti\u00eau chu\u1ea9n API th\u1ed1ng nh\u1ea5t.<\/p>\n\n\n\n<p>C\u00e1c nh\u00e0 ph\u00e1t tri\u1ec3n ch\u1ec9 c\u1ea7n t\u00edch h\u1ee3p v\u1edbi <strong>Cas SDK<\/strong> th\u00ec \u0111\u00e3 c\u00f3 kh\u1ea3 n\u0103ng k\u1ebft n\u1ed1i v\u1edbi t\u1ea5t c\u1ea3 t\u1ed5 ch\u1ee9c t\u00e0i ch\u00ednh Vi\u1ec7t Nam.<br>C\u00e1c t\u1ed5 ch\u1ee9c t\u00e0i ch\u00ednh, ng\u00e2n h\u00e0ng ch\u1ec9 c\u1ea7n l\u00e0m vi\u1ec7c v\u1edbi n\u1ec1n t\u1ea3ng Cas \u0111\u1ec3 m\u1edf ra ch\u00e2n tr\u1eddi c\u00e1c \u1ee9ng d\u1ee5ng t\u00e0i ch\u00ednh m\u1edf.<br>Ng\u01b0\u1eddi d\u00f9ng ch\u1ec9 c\u1ea7n c\u00e0i \u0111\u1eb7t m\u1ed9t \u1ee9ng d\u1ee5ng duy nh\u1ea5t \u0111\u1ec3 qu\u1ea3n l\u00fd, \u1ee7y quy\u1ec1n, theo d\u00f5i, v\u00e0 thu h\u1ed3i vi\u1ec7c c\u1ea5p quy\u1ec1n d\u1eef li\u1ec7u t\u00e0i ch\u00ednh c\u1ee7a m\u00ecnh.<\/p>\n<\/div>\n<\/div>\n\n\n<div class=\"wp-block-image\">\n<figure class=\"aligncenter size-large is-resized\"><img loading=\"lazy\" decoding=\"async\" src=\"https:\/\/cas.so\/cas-id\/wp-content\/uploads\/sites\/12\/2023\/05\/bankhub-way-demo-1-1024x683.png\" alt=\"\" class=\"wp-image-539\" width=\"768\" height=\"512\"\/><\/figure>\n<\/div>\n\n<section class=\"section pt-3\"  >\n\t\n\t\n\t\n\t<div class=\"container\">\n\t\t\n\t\t<div class=\"row gap-y align-items-center\">\n  \n\n  <div class=\"col-lg-6 text-center text-lg-left\">\n    <h3>Gi\u00e1 tr\u1ecb mang l\u1ea1i<\/h3>\n    <p>Gi\u00e0u c\u00f3 &amp; th\u1ecbnh v\u01b0\u1ee3ng l\u00e0 m\u1ee5c ti\u00eau cu\u1ed9c \u0111\u1eddi c\u1ee7a nhi\u1ec1u ng\u01b0\u1eddi. C\u00f9ng kh\u00e1m ph\u00e1 nh\u1eefng \u0111i\u1ec1u k\u00ec di\u1ec7u m\u00e0 c\u00e1c c\u00f4ng ngh\u1ec7 truy\u1ec1n th\u1ed1ng khi k\u1ebft h\u1ee3p v\u1edbi t\u00e0i ch\u00ednh m\u1edf c\u00f3 th\u1ec3 mang l\u1ea1i cho b\u1ea1n.<\/p>\n    <br>\n    <a class=\"btn btn-outline-primary btn-md\" href=\"https:\/\/cas.so\/cas-id\/kham-pha-ung-dung\/\" > CHI TI\u1ebeT <i class=\"ti-arrow-right fs-9 ml-2\"><\/i><\/a>\n  <\/div>\n\n  <div class=\"col-lg-5 mx-auto\"><img decoding=\"async\" class=\"rounded\" src=\"https:\/\/cas.so\/cas-id\/wp-content\/uploads\/sites\/12\/2023\/05\/il-business-finance.svg\" alt=\"Alternative Text\" \/><\/div>\n<\/div>\n\t<\/div>\n<\/section>\n\n\n<h2 class=\"wp-block-heading\">H\u1ee3p t\u00e1c \u0111\u1ec3 x\u00e2y d\u1ef1ng m\u1ed9t h\u1ec7 th\u1ed1ng t\u00e0i ch\u00ednh t\u1ed1t h\u01a1n cho Vi\u1ec7t Nam<\/h2>\n\n\n\n<p>Cas l\u00e0 k\u1ebft qu\u1ea3 c\u1ee7a nhi\u1ec1u n\u0103m nghi\u00ean c\u1ee9u, so s\u00e1nh, ph\u00e2n t\u00edch \u01b0u v\u00e0 nh\u01b0\u1ee3c \u0111i\u1ec3m c\u1ee7a c\u00e1c m\u00f4 h\u00ecnh h\u1ea1 t\u1ea7ng ng\u00e2n h\u00e0ng m\u1edf tr\u00ean th\u1ebf gi\u1edbi, Ch\u00fang t\u00f4i tin t\u01b0\u1edfng r\u1eb1ng m\u00f4 h\u00ecnh Cas &#8211; <strong>\u0111\u1eb7t ch\u1ee7 t\u00e0i kho\u1ea3n l\u00e0 trung t\u00e2m<\/strong>, v\u00e0 <strong>b\u1ea3o v\u1ec7 quy\u1ec1n d\u1eef li\u1ec7u l\u00e0 \u01b0u ti\u00ean s\u1ed1 1 <\/strong>&#8211; l\u00e0 m\u00f4 h\u00ecnh t\u1ed1t nh\u1ea5t, ph\u00f9 h\u1ee3p nh\u1ea5t \u1edf Vi\u1ec7t Nam, v\u00e0 s\u1ebd g\u00f3p ph\u1ea7n x\u00e2y d\u1ef1ng m\u1ed9t h\u1ec7 th\u1ed1ng t\u00e0i ch\u00ednh nhanh ch\u00f3ng, b\u1ea3o m\u1eadt v\u00e0 k\u1ebft n\u1ed1i h\u01a1n.<br>Ch\u00fang t\u00f4i cam k\u1ebft h\u1ee3p t\u00e1c v\u1edbi c\u00e1c t\u1ed5 ch\u1ee9c t\u00e0i ch\u00ednh, c\u00e1c nh\u00e0 ph\u00e1t tri\u1ec3n \u1ee9ng d\u1ee5ng v\u00e0 v\u1edbi b\u1ea1n \u0111\u1ec3 bi\u1ebfn \u0111i\u1ec1u \u0111\u00f3 th\u00e0nh hi\u1ec7n th\u1ef1c.<\/p>\n\n\n\n<div style=\"height:100px\" aria-hidden=\"true\" class=\"wp-block-spacer\"><\/div>\n\n\n\n<p><\/p>\n\n\n\n<p><\/p>\n\n\n\n<p><\/p>\n","protected":false},"excerpt":{"rendered":"<p>\u1ede Vi\u1ec7t Nam, c\u00f3 h\u01a1n 50 ng\u00e2n h\u00e0ng, 1000 t\u1ed5 ch\u1ee9c t\u00e0i ch\u00ednh &#038; li\u00ean quan M\u1ed7i t\u1ed5 ch\u1ee9c t\u00e0i ch\u00ednh c\u00f3 m\u1ed9t m\u1ee9c \u0111\u1ed9 &#8220;m\u1edf&#8221; d\u1eef li\u1ec7u kh\u00e1c nhau, c\u1ea5u tr\u00fac d\u1eef li\u1ec7u kh\u00e1c nhau v\u00e0 qu\u1ea3n l\u00fd theo nh\u1eefng c\u00e1ch kh\u00e1c nhau.<\/p>\n","protected":false},"author":1,"featured_media":533,"parent":0,"menu_order":0,"comment_status":"closed","ping_status":"closed","template":"","meta":{"inline_featured_image":false,"footnotes":""},"class_list":["post-183","page","type-page","status-publish","has-post-thumbnail","hentry"],"_links":{"self":[{"href":"https:\/\/cas.so\/cas-id\/wp-json\/wp\/v2\/pages\/183","targetHints":{"allow":["GET"]}}],"collection":[{"href":"https:\/\/cas.so\/cas-id\/wp-json\/wp\/v2\/pages"}],"about":[{"href":"https:\/\/cas.so\/cas-id\/wp-json\/wp\/v2\/types\/page"}],"author":[{"embeddable":true,"href":"https:\/\/cas.so\/cas-id\/wp-json\/wp\/v2\/users\/1"}],"replies":[{"embeddable":true,"href":"https:\/\/cas.so\/cas-id\/wp-json\/wp\/v2\/comments?post=183"}],"version-history":[{"count":0,"href":"https:\/\/cas.so\/cas-id\/wp-json\/wp\/v2\/pages\/183\/revisions"}],"wp:featuredmedia":[{"embeddable":true,"href":"https:\/\/cas.so\/cas-id\/wp-json\/"}],"wp:attachment":[{"href":"https:\/\/cas.so\/cas-id\/wp-json\/wp\/v2\/media?parent=183"}],"curies":[{"name":"wp","href":"https:\/\/api.w.org\/{rel}","templated":true}]}}