{"id":49,"date":"2023-03-15T11:12:01","date_gmt":"2023-03-15T11:12:01","guid":{"rendered":"https:\/\/sites.casso.vn\/bankhub-vn\/?page_id=49"},"modified":"2023-03-15T11:12:01","modified_gmt":"2023-03-15T11:12:01","slug":"kham-pha-ung-dung","status":"publish","type":"page","link":"https:\/\/cas.so\/cas-id\/kham-pha-ung-dung\/","title":{"rendered":"Kh\u00e1m ph\u00e1 \u1ee9ng d\u1ee5ng"},"content":{"rendered":"<header class=\"header\"  style=\"background-color: #fff;\">\n\t\n\t\n\t\n\t<div class=\"container\">\n\t\t\n\t\t<div class=\"row align-items-center h-100\">\n  <div class=\"col-lg-6\">\n    <h1>\u1ee8ng d\u1ee5ng c\u1ee7a ng\u00e2n h\u00e0ng m\u1edf<\/h1>\n    <p class=\"lead mt-5 mb-8\">Ng\u00e2n h\u00e0ng m\u1edf v\u1eabn c\u00f2n s\u01a1 khai \u1edf Vi\u1ec7t Nam. Nh\u01b0ng ch\u00fang t\u00f4i tin r\u1eb1ng v\u1edbi nh\u1eefng ti\u1ec1m n\u0103ng \u0111\u1ed9t ph\u00e1, xu th\u1ebf n\u00e0y s\u1ebd s\u1edbm \u0111\u01b0\u1ee3c nh\u00ecn nh\u1eadn t\u00edch c\u1ef1c v\u00e0 <strong>tri\u1ec3n khai r\u1ed9ng r\u00e3i<\/strong> trong t\u01b0\u01a1ng lai kh\u00f4ng xa.<\/p>\n    <p class=\"gap-xy\">\n      <a class=\"btn btn-primary btn-md btn-round\" href=\"#for-biz\" > \u0110\u1ed0I V\u1edaI DOANH NGHI\u1ec6P <\/a>\n      <a class=\"btn btn-outline-primary btn-md btn-round\" href=\"#for-personal\" target=\"_blank\" > \u0110\u1ed0I V\u1edaI C\u00c1 NH\u00c2N <\/a>\n    <\/p>\n  <\/div>\n\n  <div class=\"col-lg-5 ml-auto d-none d-lg-block\">\n    <img decoding=\"async\"  src=\"https:\/\/cas.so\/cas-id\/wp-content\/uploads\/sites\/12\/2023\/05\/bankhub-way-demo.png\" alt=\"Alternative Text\" \/>\n  <\/div>\n<\/div>\n\t<\/div>\n<\/header>\n\n\n<h4 class=\"has-text-align-center wp-block-heading\" id=\"for-biz\" style=\"text-transform:none\">M\u1ed6I DOANH NGHI\u1ec6P L\u00c0 M\u1ed8T NG\u00c2N H\u00c0NG S\u1ed0 &#8220;100% AUTO&#8221;<\/h4>\n\n\n<section class=\"section overflow-hidden\"  >\n\t\n\t\n\t\n\t<div class=\"container\">\n\t\t\n\t\t<div class=\"row gap-y align-items-center\">\n  <div class=\"col-md-4 mx-auto text-center\"><img decoding=\"async\"  src=\"https:\/\/cas.so\/cas-id\/wp-content\/uploads\/sites\/12\/2023\/05\/il-business-finance.svg\" alt=\"Alternative Text\" data-aos=\"fade-right\" \/><\/div>\n\n  <div class=\"col-md-4 mx-auto\">\n    <h3>T\u1eadp trung d\u1eef li\u1ec7u t\u00e0i ch\u00ednh<\/h3>\n    <br>\n    <p>Phong tr\u00e0o chuy\u1ec3n \u0111\u1ed5i s\u1ed1 nh\u1eefng n\u0103m g\u1ea7n \u0111\u00e2y \u0111\u00e3 gi\u00fap cho doanh nghi\u1ec7p s\u1ed1 h\u00f3a v\u00e0 qu\u1ea3n l\u00fd t\u1eadp trung h\u1ea7u h\u1ebft c\u00e1c d\u1eef li\u1ec7u kinh doanh. Tuy nhi\u00ean, vi\u1ec7c t\u1eadp trung h\u00f3a d\u1eef li\u1ec7u t\u00e0i ch\u00ednh v\u1eabn c\u00f2n r\u1ea5t kh\u00f3 kh\u0103n, \u0111\u1eb7c bi\u1ec7t l\u00e0 4 nh\u00f3m d\u1eef li\u1ec7u: <br>&#8211; D\u1eef li\u1ec7u ng\u00e2n h\u00e0ng<br>&#8211; D\u1eef li\u1ec7u thanh to\u00e1n t\u1eeb c\u00e1c c\u1ed5ng thanh to\u00e1n<br>&#8211; D\u1eef li\u1ec7u t\u1eeb nh\u00e0 n\u01b0\u1edbc: T\u1ed5ng c\u1ee5c thu\u1ebf, BHXH<br>&#8211; D\u1eef li\u1ec7u \u0111\u1ea7u t\u01b0: c\u1ed5 phi\u1ebfu, tr\u00e1i phi\u1ebfu,&#8230;<br>T\u1ea1i Cas, ch\u00fang t\u00f4i th\u00fac \u0111\u1ea9y &amp; x\u00e2y d\u1ef1ng m\u1ed9t ti\u00eau chu\u1ea9n d\u1eef li\u1ec7u m\u1edf chung nh\u1ea5t gi\u00fap c\u00e1c nh\u00e0 ph\u00e1t tri\u1ec3n c\u00f3 th\u1ec3 truy c\u1eadp d\u1eef li\u1ec7u h\u00e0ng ng\u00e0n t\u1ed5 ch\u1ee9c t\u00e0i ch\u00ednh ch\u1ec9 b\u1eb1ng m\u1ed9t API duy nh\u1ea5t.<\/p>\n    <a  href=\"#\">Xem th\u00eam <i class=\"ti-angle-right fs-10 ml-1\"><\/i><\/a>\n  <\/div>\n\n  \n<\/div>\n\t<\/div>\n<\/section>\n\n<section class=\"section overflow-hidden\"  >\n\t\n\t\n\t\n\t<div class=\"container\">\n\t\t\n\t\t<div class=\"row gap-y align-items-center\">\n  \n\n  <div class=\"col-md-4 mx-auto\">\n    <h3>Nh\u1eadn thanh to\u00e1n kh\u00f4ng m\u1ea5t ph\u00ed<\/h3>\n    <br>\n    <p>V\u1edbi c\u00f4ng ngh\u1ec7 ng\u00e2n h\u00e0ng m\u1edf, b\u1ea1n c\u00f3 th\u1ec3 x\u00e2y d\u1ef1ng m\u1ed9t h\u1ec7 th\u1ed1ng ph\u1ea7n m\u1ec1m bi\u1ebfn m\u1ed7i t\u00e0i kho\u1ea3n ng\u00e2n h\u00e0ng th\u00e0nh m\u1ed9t c\u1ed5ng thanh to\u00e1n. So v\u1edbi vi\u1ec7c \u0111i thu\u00ea c\u00e1ch d\u1ecbch v\u1ee5 trung gian thanh to\u00e1n, L\u1ee3i \u00edch mang l\u1ea1i cho doanh nghi\u1ec7p l\u00e0 r\u1ea5t l\u1edbn: <br>&#8211; Ti\u1ec1n v\u00e0o t\u00e0i kho\u1ea3n c\u00f4ng ty ngay l\u1eadp t\u1ee9c.<br>&#8211; Kh\u00f4ng m\u1ea5t ph\u00ed chi\u1ebft kh\u1ea5u d\u1ef1a tr\u00ean gi\u00e1 tr\u1ecb \u0111\u01a1n h\u00e0ng (th\u00f4ng th\u01b0\u1eddng l\u00e0 1.5%-5%)<br>&#8211; \u0110\u1ed1i so\u00e1t tr\u1ef1c ti\u1ebfp t\u1eeb giao d\u1ecbch ng\u00e2n h\u00e0ng v\u00e0 \u0111\u01a1n h\u00e0ng \u0111\u01a1n gi\u1ea3n h\u01a1n<\/p>\n    <a  href=\"#\">Xem th\u00eam <i class=\"ti-angle-right fs-10 ml-1\"><\/i><\/a>\n  <\/div>\n\n  <div class=\"col-md-4 mx-auto text-center\"><img decoding=\"async\"  src=\"https:\/\/cas.so\/cas-id\/wp-content\/uploads\/sites\/12\/2023\/05\/il-payment.svg\" alt=\"Alternative Text\" data-aos=\"fade-right\" \/><\/div>\n<\/div>\n\t<\/div>\n<\/section>\n\n<section class=\"section overflow-hidden\"  >\n\t\n\t\n\t\n\t<div class=\"container\">\n\t\t\n\t\t<div class=\"row gap-y align-items-center\">\n  <div class=\"col-md-4 mx-auto text-center\"><img decoding=\"async\"  src=\"https:\/\/cas.so\/cas-id\/wp-content\/uploads\/sites\/12\/2023\/05\/il-robot.svg\" alt=\"Alternative Text\" data-aos=\"fade-right\" \/><\/div>\n\n  <div class=\"col-md-4 mx-auto\">\n    <h3>Gi\u1ea3m nh\u00e2n c\u00f4ng nh\u1edd Robot<\/h3>\n    <br>\n    <p>\u1ee8ng d\u1ee5ng open banking, r\u1ea5t nhi\u1ec1u c\u00f4ng vi\u1ec7c th\u1ee7 c\u00f4ng c\u1ee7a k\u1ebf to\u00e1n, th\u1ee7 qu\u1ef9, b\u00e1n h\u00e0ng c\u00f3 th\u1ec3 \u0111\u01b0\u1ee3c t\u1ef1 \u0111\u1ed9ng h\u00f3a: <br>&#8211; T\u1ef1 \u0111\u1ed9ng x\u00e1c nh\u00e2n \u0111\u01a1n h\u00e0ng \u0111\u00e3 thanh to\u00e1n khi kh\u00e1ch h\u00e0ng chuy\u1ec3n kho\u1ea3n xong<br>&#8211; T\u1ef1 \u0111\u1ed9ng l\u1eadp, g\u1eedi v\u00e0 ph\u00e1t h\u00e0nh h\u00f3a \u0111\u01a1n \u0111i\u1ec7n t\u1eed sau khi thanh to\u00e1n<br>&#8211; T\u1ef1 \u0111\u1ed9ng l\u1eadp, g\u1eedi v\u00e0 k\u00ed h\u1ee3p \u0111\u1ed3ng \u0111i\u1ec7n t\u1eed sau khi thanh to\u00e1n<br>&#8211; T\u1ef1 \u0111\u1ed9ng h\u1ea1ch to\u00e1n s\u1ed5 s\u00e1ch<br>&#8211; T\u1ef1 \u0111\u1ed9ng l\u1eadp v\u00e0 g\u1eedi b\u00e1o c\u00e1o t\u00e0i ch\u00ednh n\u1ed9i b\u1ed9<\/p>\n    <a  href=\"#\">\u0110\u1ecdc th\u00eam <i class=\"ti-angle-right fs-10 ml-1\"><\/i><\/a>\n  <\/div>\n\n  \n<\/div>\n\t<\/div>\n<\/section>\n\n<section class=\"section overflow-hidden pb-11\"  >\n\t\n\t\n\t\n\t<div class=\"container\">\n\t\t\n\t\t<div class=\"row gap-y align-items-center\">\n  \n\n  <div class=\"col-md-4 mx-auto\">\n    <h3>Tr\u1ee3 l\u00fd \u1ea3o CFO<\/h3>\n    <br>\n    <p>V\u00e0 \u1edf c\u1ea5p \u0111\u1ed9 \u1ee9ng d\u1ee5ng cao nh\u1ea5t, Ng\u00e2n h\u00e0ng m\u1edf khi k\u1ebft h\u1ee3p v\u1edbi c\u00f4ng ngh\u1ec7 tr\u00ed tu\u1ec7 nh\u00e2n t\u1ea1o (AI), c\u00f3 th\u1ec3 t\u1ea1o n\u00ean nh\u1eefng tr\u1ee3 l\u00fd \u1ea3o gi\u00fap doanh nghi\u1ec7p th\u1ef1c hi\u1ec7n chi\u1ebfn l\u01b0\u1ee3c t\u00e0i ch\u00ednh \u0111\u00fang \u0111\u1eafn v\u00e0 t\u1ed1i \u01b0u nh\u01b0 m\u1ed9t Gi\u00e1m \u0111\u1ed1c t\u00e0i ch\u00ednh th\u1ef1c th\u1ee5<\/p>\n    <a  href=\"#\">Xem th\u00eam <i class=\"ti-angle-right fs-10 ml-1\"><\/i><\/a>\n  <\/div>\n\n  <div class=\"col-md-4 mx-auto text-center\"><img decoding=\"async\"  src=\"https:\/\/cas.so\/cas-id\/wp-content\/uploads\/sites\/12\/2023\/05\/il-cfo.svg\" alt=\"Alternative Text\" data-aos=\"fade-right\" \/><\/div>\n<\/div>\n\t<\/div>\n<\/section>\n\n\n<h4 class=\"has-text-align-center wp-block-heading\" id=\"for-personal\"><strong>M\u1ed6I C\u00d4NG D\u00c2N C\u00d3 M\u1ed8T C\u1ed0 V\u1ea4N T\u00c0I CH\u00cdNH<\/strong><\/h4>\n\n\n<section class=\"section overflow-hidden\"  >\n\t\n\t\n\t\n\t<div class=\"container\">\n\t\t\n\t\t<div class=\"row gap-y align-items-center\">\n  <div class=\"col-md-4 mx-auto text-center\"><img decoding=\"async\"  src=\"https:\/\/cas.so\/cas-id\/wp-content\/uploads\/sites\/12\/2023\/05\/il-personal-finance.svg\" alt=\"Alternative Text\" data-aos=\"fade-right\" \/><\/div>\n\n  <div class=\"col-md-4 mx-auto\">\n    <h3>T\u1ea5t c\u1ea3 bank trong m\u1ed9t App<\/h3>\n    <br>\n    <p>\u0110a s\u1ed1 c\u00f4ng d\u00e2n 4.0 s\u1edf h\u1eefu nhi\u1ec1u h\u01a1n 3 ng\u00e2n h\u00e0ng, v\u00ed \u0111i\u1ec7n t\u1eed. C\u00f4ng ngh\u1ec7 Cas gi\u00fap x\u00e2y d\u1ef1ng nh\u1eefng \u1ee9ng d\u1ee5ng qu\u1ea3n l\u00fd t\u1eadp trung, v\u00e0 ng\u01b0\u1eddi d\u00f9ng s\u1ebd kh\u00f4ng c\u1ea7n ph\u1ea3i chuy\u1ec3n qua l\u1ea1i gi\u1eefa c\u00e1c app khi c\u1ea7n chuy\u1ec3n kho\u1ea3n hay ki\u1ec3m tra m\u1ed9t giao d\u1ecbch.<\/p>\n    <a  href=\"#\">Xem th\u00eam <i class=\"ti-angle-right fs-10 ml-1\"><\/i><\/a>\n  <\/div>\n\n  \n<\/div>\n\t<\/div>\n<\/section>\n\n<section class=\"section overflow-hidden\"  >\n\t\n\t\n\t\n\t<div class=\"container\">\n\t\t\n\t\t<div class=\"row gap-y align-items-center\">\n  \n\n  <div class=\"col-md-4 mx-auto\">\n    <h3>Tr\u1ee3 l\u00fd \u1ea3o C\u1ed1 v\u1ea5n t\u00e0i ch\u00ednh<\/h3>\n    <br>\n    <p>\u1ede c\u1ea5p \u0111\u1ed9 \u1ee9ng d\u1ee5ng cao nh\u1ea5t, Ng\u00e2n h\u00e0ng m\u1edf khi k\u1ebft h\u1ee3p v\u1edbi c\u00f4ng ngh\u1ec7 tr\u00ed tu\u1ec7 nh\u00e2n t\u1ea1o (AI), c\u00f3 th\u1ec3 t\u1ea1o n\u00ean nh\u1eefng tr\u1ee3 l\u00fd \u1ea3o c\u1ed1 v\u1ea5n t\u00e0i ch\u00ednh tr\u1ecdn \u0111\u1eddi cho m\u1ed7i c\u00f4ng d\u00e2n. <br>C\u1ed1 v\u1ea5n t\u00e0i ch\u00ednh \u1ea3o \u0111\u01b0\u1ee3c \u0111\u00e0o t\u1ea1o \u0111\u1ec3 \u0111\u01b0a ra nh\u1eefng l\u1eddi khuy\u00ean chi ti\u00eau, ti\u1ebft ki\u1ec7m, \u0111\u1ea7u t\u01b0, b\u1ea3o hi\u1ec3m h\u1ee3p l\u00fd v\u00e0 \u0111\u00fang l\u00fac.<br>M\u1ed7i c\u00f4ng d\u00e2n s\u1ebd c\u00f3 th\u1ec3 t\u1eadn h\u01b0\u1edfng cu\u1ed9c s\u1ed1ng hi\u1ec7n t\u1ea1i m\u00e0 lu\u00f4n y\u00ean t\u00e2m m\u1ecdi th\u1ee9 s\u1ebd t\u1ed1t \u0111\u1eb9p khi v\u1ec1 h\u01b0u.<\/p>\n    <a  href=\"#\">Xem th\u00eam <i class=\"ti-angle-right fs-10 ml-1\"><\/i><\/a>\n  <\/div>\n\n  <div class=\"col-md-4 mx-auto text-center\"><img decoding=\"async\"  src=\"https:\/\/cas.so\/cas-id\/wp-content\/uploads\/sites\/12\/2023\/05\/il-advisor.svg\" alt=\"Alternative Text\" data-aos=\"fade-right\" \/><\/div>\n<\/div>\n\t<\/div>\n<\/section>\n\n<section class=\"section overflow-hidden\"  >\n\t\n\t\n\t\n\t<div class=\"container\">\n\t\t\n\t\t<div class=\"row gap-y align-items-center\">\n  <div class=\"col-md-4 mx-auto text-center\"><img decoding=\"async\"  src=\"https:\/\/cas.so\/cas-id\/wp-content\/uploads\/sites\/12\/2023\/05\/il_ekyc.svg\" alt=\"Alternative Text\" data-aos=\"fade-right\" \/><\/div>\n\n  <div class=\"col-md-4 mx-auto\">\n    <h3>\u0110\u1ecbnh danh trong 5 gi\u00e2y<\/h3>\n    <br>\n    <p>\u0110\u1ec3 \u0111\u1ecbnh danh c\u00f4ng d\u00e2n tr\u00ean m\u1ed9t \u1ee9ng d\u1ee5ng, th\u00f4ng th\u01b0\u1eddng ng\u01b0\u1eddi d\u00f9ng th\u01b0\u1eddng ph\u1ea3i s\u1eed d\u1ee5ng k\u1ebft h\u1ee3p 3 y\u1ebfu t\u1ed1: ch\u1ee5p h\u00ecnh CCCD, x\u00e1c th\u1ef1c SDT v\u00e0 quay video. Quy tr\u00ecnh th\u01b0\u1eddng t\u1ed1n 5 ph\u00fat v\u1edbi t\u1ec9 l\u1ec7 th\u00e0nh c\u00f4ng ch\u1ec9 50%. <br>Cas c\u00f3 c\u01a1 ch\u1ebf x\u00e1c th\u1ef1c d\u1ef1a v\u00e0o d\u1eef li\u1ec7u ng\u00e2n h\u00e0ng. Sau khi x\u00e1c th\u1ef1c m\u1ed9t l\u1ea7n tr\u00ean Cas, ng\u01b0\u1eddi d\u00f9ng ch\u1ec9 c\u1ea7n qu\u00e9t QR \u0111\u1ec3 x\u00e1c th\u1ef1c \u0111\u1ecbnh danh c\u1ee7a m\u00ecnh cho m\u1ed9t \u1ee9ng d\u1ee5ng m\u1edbi. Nhanh v\u00e0 b\u1ea3o m\u1eadt.<\/p>\n    <a  href=\"#\">Xem th\u00eam <i class=\"ti-angle-right fs-10 ml-1\"><\/i><\/a>\n  <\/div>\n\n  \n<\/div>\n\t<\/div>\n<\/section>\n\n<section class=\"section overflow-hidden\"  >\n\t\n\t\n\t\n\t<div class=\"container\">\n\t\t\n\t\t<div class=\"row gap-y align-items-center\">\n  \n\n  <div class=\"col-md-4 mx-auto\">\n    <h3>L\u00e3i vay h\u1ee3p l\u00fd h\u01a1n<\/h3>\n    <br>\n    <p>C\u00e1ch l\u00e0m hi\u1ec7n nay nhi\u1ec1u \u0111\u01a1n v\u1ecb t\u00edn d\u1ee5ng y\u00eau c\u1ea7u ng\u01b0\u1eddi vay cung c\u1ea5p sao k\u00ea ng\u00e2n h\u00e0ng c\u00f3 d\u1ea5u m\u1ed9c.<br>&#8211; Ng\u01b0\u1eddi vay t\u1ed1n th\u1eddi gian ra ng\u00e2n h\u00e0ng, <br>&#8211; T\u1ed1n chi ph\u00ed in &amp; \u0111\u00f3ng m\u1ed9c <br>&#8211; Sao k\u00ea n\u00e0y c\u00f2n c\u00f3 th\u1ec3 b\u1ecb l\u00e0m gi\u1ea3.<br>Cas gi\u00fap ng\u01b0\u1eddi vay cung c\u1ea5p d\u1eef li\u1ec7u s\u1ed1 h\u00f3a, kh\u00f4ng th\u1ec3 l\u00e0m gi\u1ea3, ngay l\u1eadp t\u1ee9c v\u00e0 kh\u00f4ng t\u1ed1n ph\u00ed. <br>D\u1eef li\u1ec7u s\u1ed1 h\u00f3a c\u00f2n gi\u00fap \u0111\u01a1n v\u1ecb cho vay <strong>x\u00e2y d\u1ef1ng c\u00e1c \u1ee9ng d\u1ee5ng t\u00ednh \u0111i\u1ec3m t\u00edn d\u1ee5ng<\/strong> ch\u00ednh x\u00e1c h\u01a1n.<br>Cas gi\u00fap c\u00e1c m\u00f4 h\u00ecnh t\u00edn d\u1ee5ng gi\u1ea3m n\u1ee3 x\u1ea5u v\u00e0 chi ph\u00ed th\u1ea9m \u0111\u1ecbnh h\u1ed3 s\u01a1 vay, gi\u00e1n ti\u1ebfp gi\u00fap ng\u01b0\u1eddi vay c\u00f3 th\u1ec3 \u0111\u01b0\u1ee3c vay v\u1edbi l\u00e3i su\u1ea5t th\u1ea5p h\u01a1n.<\/p>\n    <a  href=\"#\">Xem th\u00eam <i class=\"ti-angle-right fs-10 ml-1\"><\/i><\/a>\n  <\/div>\n\n  <div class=\"col-md-4 mx-auto text-center\"><img decoding=\"async\"  src=\"https:\/\/cas.so\/cas-id\/wp-content\/uploads\/sites\/12\/2023\/05\/il-lend.svg\" alt=\"Alternative Text\" data-aos=\"fade-right\" \/><\/div>\n<\/div>\n\t<\/div>\n<\/section>","protected":false},"excerpt":{"rendered":"<p>M\u1ed6I DOANH NGHI\u1ec6P L\u00c0 M\u1ed8T NG\u00c2N H\u00c0NG S\u1ed0 &#8220;100% AUTO&#8221; M\u1ed6I C\u00d4NG D\u00c2N C\u00d3 M\u1ed8T C\u1ed0 V\u1ea4N T\u00c0I CH\u00cdNH<\/p>\n","protected":false},"author":1,"featured_media":0,"parent":0,"menu_order":0,"comment_status":"closed","ping_status":"closed","template":"","meta":{"inline_featured_image":false,"footnotes":""},"class_list":["post-49","page","type-page","status-publish","hentry"],"_links":{"self":[{"href":"https:\/\/cas.so\/cas-id\/wp-json\/wp\/v2\/pages\/49","targetHints":{"allow":["GET"]}}],"collection":[{"href":"https:\/\/cas.so\/cas-id\/wp-json\/wp\/v2\/pages"}],"about":[{"href":"https:\/\/cas.so\/cas-id\/wp-json\/wp\/v2\/types\/page"}],"author":[{"embeddable":true,"href":"https:\/\/cas.so\/cas-id\/wp-json\/wp\/v2\/users\/1"}],"replies":[{"embeddable":true,"href":"https:\/\/cas.so\/cas-id\/wp-json\/wp\/v2\/comments?post=49"}],"version-history":[{"count":0,"href":"https:\/\/cas.so\/cas-id\/wp-json\/wp\/v2\/pages\/49\/revisions"}],"wp:attachment":[{"href":"https:\/\/cas.so\/cas-id\/wp-json\/wp\/v2\/media?parent=49"}],"curies":[{"name":"wp","href":"https:\/\/api.w.org\/{rel}","templated":true}]}}