{"id":651,"date":"2024-04-04T00:00:26","date_gmt":"2024-04-03T17:00:26","guid":{"rendered":"https:\/\/bankhub.vn\/?page_id=651"},"modified":"2025-05-21T15:50:21","modified_gmt":"2025-05-21T15:50:21","slug":"doanh-nghiep","status":"publish","type":"page","link":"https:\/\/cas.so\/cas-id\/doanh-nghiep\/","title":{"rendered":"Cas for Biz"},"content":{"rendered":"<header class=\"header pb-5\"  >\n\t\n\t\n\t\n\t<div class=\"container\">\n\t\t\n\t\t<div class=\"row align-items-center h-100\">\n  <div class=\"col-md-5 mr-auto\">\n    <h1>API ng\u00e2n h\u00e0ng cho doanh nghi\u1ec7p<\/h1>\n    <br>\n    <p class=\"lead-2\">Cas for Biz l\u00e0 <strong>trung t\u00e2m m\u1ed9t c\u1eeda<\/strong> gi\u00fap doanh nghi\u1ec7p l\u1ef1a ch\u1ecdn c\u00f4ng ngh\u1ec7, k\u00ed k\u1ebft &amp; tri\u1ec3n khai Open Banking v\u1edbi c\u00e1c ng\u00e2n h\u00e0ng t\u1ea1i Vi\u1ec7t Nam.<\/p>\n    <br>\n    <a class=\"btn btn-primary btn-xl btn-round\" href=\"#\" > t\u1ea1o y\u00eau c\u1ea7u <\/a>\n  <\/div>\n\n  <div class=\"col-md-6\">\n    <img decoding=\"async\"  src=\"https:\/\/cas.so\/cas-id\/wp-content\/uploads\/sites\/12\/2024\/04\/bankhub-biz-cover.png\" alt=\"Alternative Text\" \/>\n  <\/div>\n<\/div>\n\t<\/div>\n<\/header>\n\n<section class=\"section\"  >\n\t\n\t\n\t\n\t<div class=\"container\">\n\t\t\n\t\t<div class=\"row gap-y\">\n  <div class=\"col-lg-4\">\n  <div class=\"card card-body border text-center\">\n    <p class=\"my-5\"><i class=\"icon-layers lead-8\" style=\"color: #bfc5ca;\"><\/i><\/p>\n    <h5>VA-Billing<\/h5>\n    <p>\u0110\u0103ng k\u00ed m\u1ed9t \u0111\u1ea7u s\u1ed1 t\u00e0i kho\u1ea3n \u1ea3o chuy\u1ec3n thu, gi\u00fap b\u1ea1n t\u1ea1o ra kh\u00f4ng gi\u1edbi h\u1ea1n s\u1ed1 t\u00e0i kho\u1ea3n \u1ea3o gi\u00fap \u0111\u1ecbnh danh ch\u00ednh x\u00e1c KH ho\u1eb7c \u0111\u01a1n h\u00e0ng chuy\u1ec3n kho\u1ea3n<\/p>\n    <p><a class=\"small-3 fw-600\" >Xem th\u00eam <i class=\"fa fa-angle-right small-5 pl-1\"><\/i><\/a><\/p>\n  <\/div>\n<\/div><div class=\"col-lg-4\">\n  <div class=\"card card-body border text-center\">\n    <p class=\"my-5\"><i class=\"icon-puzzle lead-8\" style=\"color: #bfc5ca;\"><\/i><\/p>\n    <h5>Developer Portal Account<\/h5>\n    <p>\u0110\u0103ng k\u00ed m\u1ed9t t\u00e0i kho\u1ea3n t\u1ea1i Developer Portal c\u1ee7a ng\u00e2n h\u00e0ng v\u00e0 truy c\u1eadp v\u00e0o h\u1ea7u h\u1ebft c\u00e1c API m\u00e0 ng\u00e2n h\u00e0ng cung c\u1ea5p<\/p>\n    <p><a class=\"small-3 fw-600\" href=\"#\">Xem th\u00eam <i class=\"fa fa-angle-right small-5 pl-1\"><\/i><\/a><\/p>\n  <\/div>\n<\/div><div class=\"col-lg-4\">\n  <div class=\"card card-body border text-center\">\n    <p class=\"my-5\"><i class=\"icon-mobile lead-8\" style=\"color: #bfc5ca;\"><\/i><\/p>\n    <h5>API Chuy\u1ec3n ti\u1ec1n<\/h5>\n    <p>\u0110\u0103ng k\u00ed API t\u1ef1 \u0111\u1ed9ng chuy\u1ec3n ti\u1ec1n \u0111i t\u1eeb t\u00e0i kho\u1ea3n ng\u00e2n h\u00e0ng c\u1ee7a doanh nghi\u1ec7p<\/p>\n    <p><a class=\"small-3 fw-600\" href=\"#\">Xem th\u00eam <i class=\"fa fa-angle-right small-5 pl-1\"><\/i><\/a><\/p>\n  <\/div>\n<\/div>\n<\/div>\n\t<\/div>\n<\/section>\n\n\n<div class=\"wp-block-columns is-layout-flex wp-container-core-columns-is-layout-9d6595d7 wp-block-columns-is-layout-flex\">\n<div class=\"wp-block-column is-layout-flow wp-block-column-is-layout-flow\">\n<figure class=\"wp-block-image size-full\"><img decoding=\"async\" src=\"https:\/\/cas.so\/cas-id\/wp-content\/uploads\/sites\/12\/2024\/04\/OCB.png\" alt=\"\" class=\"wp-image-675\"\/><\/figure>\n<\/div>\n\n\n\n<div class=\"wp-block-column is-layout-flow wp-block-column-is-layout-flow\">\n<figure class=\"wp-block-image size-full\"><img decoding=\"async\" src=\"https:\/\/cas.so\/cas-id\/wp-content\/uploads\/sites\/12\/2024\/04\/BIDV.png\" alt=\"\" class=\"wp-image-659\"\/><\/figure>\n<\/div>\n\n\n\n<div class=\"wp-block-column is-layout-flow wp-block-column-is-layout-flow\">\n<figure class=\"wp-block-image size-full\"><img decoding=\"async\" src=\"https:\/\/cas.so\/cas-id\/wp-content\/uploads\/sites\/12\/2024\/04\/ACB.png\" alt=\"\" class=\"wp-image-658\"\/><\/figure>\n<\/div>\n\n\n\n<div class=\"wp-block-column is-layout-flow wp-block-column-is-layout-flow\">\n<figure class=\"wp-block-image size-full\"><img decoding=\"async\" src=\"https:\/\/cas.so\/cas-id\/wp-content\/uploads\/sites\/12\/2024\/04\/ICB.png\" alt=\"\" class=\"wp-image-660\"\/><\/figure>\n<\/div>\n\n\n\n<div class=\"wp-block-column is-layout-flow wp-block-column-is-layout-flow\">\n<figure class=\"wp-block-image size-full\"><img decoding=\"async\" src=\"https:\/\/cas.so\/cas-id\/wp-content\/uploads\/sites\/12\/2024\/04\/PVCB.png\" alt=\"\" class=\"wp-image-664\"\/><\/figure>\n<\/div>\n<\/div>\n\n\n<section class=\"section\"  >\n\t\n\t\n\t\n\t<div class=\"container\">\n\t\t<header class=\"section-header\"><h2>Quy tr\u00ecnh tri\u1ec3n khai<\/h2><hr><p class=\"lead\">Tri\u1ec3n khai gi\u1ea3i ph\u00e1p c\u00f4ng ngh\u1ec7 v\u1edbi ng\u00e2n h\u00e0ng \u0111\u00f2i h\u1ecfi nh\u1eefng ti\u00eau chu\u1ea9n r\u1ea5t cao v\u1ec1 h\u1ea1 t\u1ea7ng c\u00f4ng ngh\u1ec7, b\u1ea3o m\u1eadt d\u1eef li\u1ec7u c\u0169ng nh\u01b0 th\u1ee7 t\u1ee5c ph\u00e1p l\u00fd. Ch\u00fang t\u00f4i c\u1ed1 g\u1eafng \u0111\u1ec3 m\u1ecdi th\u1ee9 tr\u1edf n\u00ean \u0111\u01a1n gi\u1ea3n h\u01a1n v\u1edbi doanh nghi\u1ec7p<\/p><\/header>\n\t\t<div class=\"row align-items-center\">\n\n  <div class=\"col-lg-6\">\n    <div class=\"video-btn-wrapper\">\n      <img decoding=\"async\" class=\"shadow-4 rounded-lg\" src=\"https:\/\/cas.so\/cas-id\/wp-content\/uploads\/sites\/12\/2024\/04\/bankhub-biz-cover.png\" alt=\"Alternative Text\" \/>\n      <a class=\"btn btn-info btn-xl btn-circle\" href=\"https:\/\/www.youtube.com\/watch?v=M5S_JBRjd1s\" data-provide=\"lightbox\" ><i class=\"fa fa-play \"><\/i>  <\/a>\n    <\/div>\n  <\/div>\n\n  <div class=\"col-lg-6\">\n    <ol class=\"step\">\n      <li class=\"step-item\">\n  <div class=\"step-icon\">\n    <span class=\"iconbox\">1<\/span>\n  <\/div>\n\n  <div class=\"step-content\">\n    <h6 class=\"fw-500\">\u0110i\u1ec1n bi\u1ec3u m\u1eabu \u0111\u0103ng k\u00ed d\u1ecbch v\u1ee5<\/h6>\n    <p>Sau khi t\u00ecm hi\u1ec3u th\u00f4ng tin, doanh nghi\u1ec7p l\u1ef1a ch\u1ecdn ng\u00e2n h\u00e0ng v\u00e0 d\u1ecbch v\u1ee5 API ng\u00e2n h\u00e0ng c\u1ea7n \u0111\u0103ng k\u00ed v\u00e0 \u0111i\u1ec1n c\u00e1c bi\u1ec3u m\u1eabu th\u00f4ng tin c\u1ea7n thi\u1ebft.<\/p>\n  <\/div>\n<\/li><li class=\"step-item\">\n  <div class=\"step-icon\">\n    <span class=\"iconbox\">2<\/span>\n  <\/div>\n\n  <div class=\"step-content\">\n    <h6 class=\"fw-500\">\u0110\u1ed9i ng\u0169 Cas li\u00ean h\u1ec7 ng\u00e2n h\u00e0ng x\u00e9t duy\u1ec7t h\u1ed3 s\u01a1<\/h6>\n    <p>\u0110\u1ed9i ng\u0169 Cas s\u1ebd r\u00e0 so\u00e1t h\u1ed3 s\u01a1 v\u00e0 li\u00ean h\u1ec7 \u0111\u1ea7u m\u1ed1i ng\u00e2n h\u00e0ng x\u00e9t duy\u1ec7t h\u1ed3 s\u01a1.<\/p>\n  <\/div>\n<\/li><li class=\"step-item\">\n  <div class=\"step-icon\">\n    <span class=\"iconbox\">3<\/span>\n  <\/div>\n\n  <div class=\"step-content\">\n    <h6 class=\"fw-500\">K\u00ed h\u1ee3p \u0111\u1ed3ng ba b\u00ean<\/h6>\n    <p>D\u1ef1a tr\u00ean h\u1ed3 s\u01a1 b\u1ea1n cung c\u1ea5p, h\u1ec7 th\u1ed1ng s\u1ebd t\u1ef1 sinh m\u1ed9t h\u1ee3p \u0111\u1ed3ng v\u00e0 g\u1eedi cho 3 b\u00ean k\u00ed. C\u00f3 th\u1ec3 l\u00e0 k\u00ed s\u1ed1 ho\u1eb7c k\u00ed h\u1ed3 s\u01a1 gi\u1ea5y.<\/p>\n  <\/div>\n<\/li><li class=\"step-item\">\n  <div class=\"step-icon\">\n    <span class=\"iconbox\">4<\/span>\n  <\/div>\n\n  <div class=\"step-content\">\n    <h6 class=\"fw-500\">Ng\u00e2n h\u00e0ng K\u00edch ho\u1ea1t d\u1ecbch v\u1ee5<\/h6>\n    <p>Sau khi th\u1ee7 t\u1ee5c ho\u00e0n t\u1ea5t, \u0110\u1ed9i ng\u0169 k\u0129 thu\u1eadt ng\u00e2n h\u00e0ng s\u1ebd k\u00edch ho\u1ea1t d\u1ecbch v\u1ee5 trong 1-2 ng\u00e0y.<\/p>\n  <\/div>\n<\/li>\n    <\/ol>\n  <\/div>\n\n<\/div>\n\t<\/div>\n<\/section>","protected":false},"excerpt":{"rendered":"","protected":false},"author":1,"featured_media":0,"parent":0,"menu_order":0,"comment_status":"closed","ping_status":"closed","template":"","meta":{"inline_featured_image":false,"footnotes":""},"class_list":["post-651","page","type-page","status-publish","hentry"],"_links":{"self":[{"href":"https:\/\/cas.so\/cas-id\/wp-json\/wp\/v2\/pages\/651","targetHints":{"allow":["GET"]}}],"collection":[{"href":"https:\/\/cas.so\/cas-id\/wp-json\/wp\/v2\/pages"}],"about":[{"href":"https:\/\/cas.so\/cas-id\/wp-json\/wp\/v2\/types\/page"}],"author":[{"embeddable":true,"href":"https:\/\/cas.so\/cas-id\/wp-json\/wp\/v2\/users\/1"}],"replies":[{"embeddable":true,"href":"https:\/\/cas.so\/cas-id\/wp-json\/wp\/v2\/comments?post=651"}],"version-history":[{"count":1,"href":"https:\/\/cas.so\/cas-id\/wp-json\/wp\/v2\/pages\/651\/revisions"}],"predecessor-version":[{"id":1083,"href":"https:\/\/cas.so\/cas-id\/wp-json\/wp\/v2\/pages\/651\/revisions\/1083"}],"wp:attachment":[{"href":"https:\/\/cas.so\/cas-id\/wp-json\/wp\/v2\/media?parent=651"}],"curies":[{"name":"wp","href":"https:\/\/api.w.org\/{rel}","templated":true}]}}